se 14, what is 1 - -56?
57
In base 4, what is 1 - -23133?
23200
In base 8, what is -117 + -4?
-123
In base 9, what is -145 - -5?
-140
In base 7, what is 24 - 100?
-43
In base 13, what is -1 - -12?
11
In base 9, what is 1335 + -1?
1334
In base 6, what is 5 + -122?
-113
In base 14, what is 1 + -b80?
-b7d
In base 9, what is 3 + -330?
-326
In base 15, what is -1 - -281?
280
In base 4, what is 11 + -312?
-301
In base 5, what is 3 - 224143?
-224140
In base 9, what is 72 - 1?
71
In base 3, what is -11021022 - 11?
-11021110
In base 7, what is 24 - 1240?
-1213
In base 11, what is -676 - 43?
-709
In base 2, what is 10000010100110 - -100?
10000010101010
In base 13, what is 46 + 11?
57
In base 9, what is 1 + 275?
276
In base 16, what is 8 - 61?
-59
In base 3, what is 20010 + 1022?
21102
In base 11, what is a6 + -3?
a3
In base 16, what is 72 - -5?
77
In base 14, what is -4 + -906?
-90a
In base 16, what is 1 - -1e?
1f
In base 16, what is -9 + aa7?
a9e
In base 7, what is -3 - -2612?
2606
In base 12, what is 3 + b5?
b8
In base 4, what is 13032 - -102?
13200
In base 12, what is 198 + -4?
194
In base 5, what is 22143 + -4?
22134
In base 11, what is 21 - -10?
31
In base 14, what is d - -4?
13
In base 9, what is -4 - -67?
63
In base 15, what is 4 + -583?
-57e
In base 10, what is -47 + -152?
-199
In base 16, what is -54 - d?
-61
In base 8, what is -6 + 102?
74
In base 14, what is -a - -46?
3a
In base 5, what is -2 - -3041?
3034
In base 16, what is -4 - 20?
-24
In base 7, what is -2 + -34?
-36
In base 13, what is -32 - 28?
-5a
In base 3, what is 2 + 2100122?
2100201
In base 12, what is -1 + 627?
626
In base 10, what is -249 - 0?
-249
In base 10, what is 831 + 1?
832
In base 13, what is 1 + -2a2?
-2a1
In base 11, what is 3 - -27?
2a
In base 11, what is 0 + 77?
77
In base 6, what is -41 - 3111?
-3152
In base 12, what is 4 + -862?
-85a
In base 16, what is 5 - 1e?
-19
In base 10, what is -4 - -85?
81
In base 14, what is 5 - -7d?
84
In base 5, what is 1 + 34?
40
In base 7, what is 1 + 115?
116
In base 5, what is -3 + -222?
-230
In base 8, what is -5 - 1072?
-1077
In base 2, what is -10010100 - -10111?
-1111101
In base 12, what is -98a2 + -1?
-98a3
In base 2, what is 10 + 101111001?
101111011
In base 3, what is -201200 + 10?
-201120
In base 8, what is 425 + 13?
440
In base 9, what is -5 - 202?
-207
In base 16, what is -d - 16?
-23
In base 3, what is 11 + 2210?
2221
In base 10, what is 1115 + 3?
1118
In base 5, what is 22041 + -2?
22034
In base 4, what is -2021311 + -11?
-2021322
In base 15, what is 3 - -66?
69
In base 16, what is 1477 + -5?
1472
In base 8, what is 440 - 2?
436
In base 9, what is 2 - 2?
0
In base 12, what is -3 + -41?
-44
In base 9, what is 0 - -64?
64
In base 13, what is 1c - -15?
34
In base 6, what is -4 - 1205?
-1213
In base 11, what is -262 + 4?
-259
In base 13, what is 1b1 - 5?
1a9
In base 4, what is 3320 + -2?
3312
In base 11, what is 36 + -6?
30
In base 11, what is 0 + 107?
107
In base 9, what is -4 - 1238?
-1243
In base 9, what is -3 + -510?
-513
In base 14, what is -12 + 14?
2
In base 10, what is -4 - -43?
39
In base 9, what is -25242 + -2?
-25244
In base 7, what is -22251 - -4?
-22244
In base 3, what is -11 - -12022?
12011
In base 9, what is 6 - -61?
67
In base 4, what is 23 - 13?
10
In base 16, what is -3 - -bb?
b8
In base 3, what is -2120 + -211?
-10101
In base 7, what is 13 + -6?
4
In base 2, what is 110 - -10?
1000
In base 8, what is 11150 - -5?
11155
In base 8, what is -2 + 3061?
3057
In base 12, what is -4 + -8a5?
-8a9
In base 5, what is 2 - 300?
-243
In base 7, what is 5 + 36?
44
In base 5, what is -11310 - -1?
-11304
In base 9, what is -46 - 5?
-52
In base 7, what is 20 - 1265?
-1245
In base 16, what is 2e3 + -2?
2e1
In base 3, what is 22 - -12?
111
In base 13, what is 1b - 29?
-b
In base 14, what is 40 + -28?
16
In base 16, what is -7 + -4a?
-51
In base 16, what is -5 + -85?
-8a
In base 16, what is -5 - -41?
3c
In base 11, what is -16 + 11?
-5
In base 10, what is -4 - 57?
-61
In base 2, what is 10101000001010 - 0?
10101000001010
In base 11, what is 25 - 3a0?
-376
In base 15, what is -ec + -5?
-102
In base 13, what is -59 - -4?
-55
In base 3, what is -2 - -120?
111
In base 5, what is 1212 - -2?
1214
In base 6, what is 54 + 100?
154
In base 3, what is -2 + -1000?
-1002
In base 9, what is 223 + -23?
200
In base 13, what is 13 - -146?
159
In base 12, what is 4b + -9?
42
In base 11, what is -1a5a - 2?
-1a61
In base 2, what is -100 - 101010?
-101110
In base 3, what is 121 - -1221?
2112
In base 12, what is 7 - 9b?
-94
In base 11, what is -4497 + 4?
-4493
In base 12, what is -20 - -26?
6
In base 10, what is -1 - 1000?
-1001
In base 14, what is 21 - b?
14
In base 3, what is 0 + -11211?
-11211
In base 3, what is -2 - -2102?
2100
In base 13, what is -33 - 4?
-37
In base 8, what is 70 + 0?
70
In base 4, what is 23 - 1?
22
In base 7, what is 662 + 10?
1002
In base 12, what is 4 - 1326?
-1322
In base 8, what is 0 + 3316?
3316
In base 6, what is -145 + 200?
11
In base 11, what is 2983 + 8?
2990
In base 15, what is -4 + -27?
-2b
In base 16, what is 5 + -1c5?
-1c0
In base 4, what is 32 + -10?
22
In base 9, what is -1026 + -3?
-1030
In base 13, what is 166 - -5?
16b
In base 5, what is 3 + 4034?
4042
In base 5, what is -10 + 11331?
11321
In base 16, what is 5 - 57?
-52
In base 11, what is -1 + 1786?
1785
In base 13, what is 74 + -2?
72
In base 4, what is 110 - 30?
20
In base 16, what is 1b9 + -5?
1b4
In base 8, what is -477 - 45?
-544
In base 16, what is -100 + 17?
-e9
In base 16, what is -3 + a?
7
In base 6, what is 4103 + 1?
4104
In base 15, what is 5 - b3?
-ad
In base 13, what is 20 + 25?
45
In base 10, what is 0 + 16?
16
In base 4, what is 33002 - -2?
33010
In base 3, what is -11010 + 21?
-10212
In base 6, what is -104 + -1142?
-1250
In base 13, what is -13 + -61?
-74
In base 2, what is 1001 + -1000101011?
-1000100010
In base 15, what is 93 - 2?
91
In base 15, what is 5 - e2?
-dc
In base 16, what is 2 - 12e?
-12c
In base 10, what is -723 - -1?
-722
In base 13, what is ac + 3?
b2
In base 11, what is -9 - 2?
-10
In base 10, what is 77 + -9?
68
In base 7, what is -6 - -35?
26
In base 15, what is 87e - 3?
87b
In base 3, what is 1 + 221?
222
In base 6, what is -4 - 540?
-544
In base 5, what is -130 + 2?
-123
In base 3, what is -1 + -11220?
-11221
In base 14, what is -a - 265?
-271
In base 8, what is 4 + 1625?
1631
In base 2, what is 11100010 - -11?
11100101
In base 5, what is -10 + 212?
202
In base 6, what is 1452 - -1?
1453
In base 5, what is 0 - 302?
-302
In base 3, what is 1121121 - -2?
1121200
In base 6, what is 22043 + 3?
22050
In base 6, what is 5 + 4040?
4045
In base 8, what is 54 - 200?
-124
In base 13, what is -13 + c?
-4
In base 2, what is 10110101001000 - 1?
10110101000111
In base 6, what is 0 - 124?
-124
In base 5, what is 14 - 3242?
-3223
In base 3, what is 1 - -1001?
1002
In base 2, what is 101 - 1111001111101?
-1111001111000
In base 14, what is 4 - -31?
35
In base 13, what is -5 - 56?
-5b
In base 4, what is -1221 - 10?
-1231
In base 16, what is -1f5 + 2?
-1f3
In base 13, what is 0 - ab4?
-ab4
In base 12, what is 49 - -1?
4a
In base 13, what is -22 - 0?
-22
In base 4, what is 0 - 33303?
-33303
In base 10, what is 2 - -17?
19
In base 11, what is -74 - 13?
-87
In base 12, what is b7 - -2?
b9
In base 16, what is -24 - 4?
-28
In base 2, what is 0 + 111000101?
111000101
In base 14, what is 0 + 32?
32
In base 2, what is 100011000101010 + 10?
100011000101100
In base 15, what is 611 - -1?
612
In base 8, what is 6 - 6?
0
In base 14, what is -410 - 14?
-424
In base 5, what is -1111 + 2?
-1104
In base 13, what is 3 + -6b?
-68
In base 13, what is 13b - -5?
143
In base 16, what is -86e - -3?
-86b
In base 12, what is -2 + -8?
-a
In base 5, what is 144201 - -4?
144210
In base 16, what is 3 + 328?
32b
In base 14, what is 15 + -18?
-3
In base 11, what is 1 + 2360?
2361
In base 15, what is -57 + 16?
-41
In base 11, what is 18 + 22?
3a
In base 5, what is 101113 - -2?
101120
In base 12, what is 4 + -10?
-8
In base 7, what is 0 - -230?
230
In base 7, what is 1 + -430?
-426
In base 8, what is -33 - -32?
-1
In base 11, what is aa - 20?
8a
In base 15, what is 25 - -14?
39
In base 7, what is -143315 + -1?
-143316
In base 12, what is 116 + 171?
287
In base 10, wh